t common factor of 35460 and 192610840?
3940
What is the highest common factor of 113913462 and 78?
78
What is the highest common factor of 8865287 and 2511?
31
Calculate the greatest common divisor of 376092 and 603567.
3033
What is the greatest common factor of 79912 and 32704?
56
What is the greatest common factor of 3178 and 840707?
7
Calculate the highest common divisor of 87483 and 10787271.
363
Calculate the greatest common factor of 276190 and 374218.
778
Calculate the highest common divisor of 87757831 and 33472.
523
What is the greatest common divisor of 2294 and 102365658?
62
Calculate the greatest common divisor of 13604 and 73264.
76
Calculate the greatest common factor of 682706 and 278422.
3814
Calculate the greatest common divisor of 46 and 20432326.
46
What is the highest common divisor of 38982621 and 26277?
1383
What is the highest common divisor of 392488 and 947992?
568
Calculate the greatest common factor of 1957 and 2132512.
103
What is the highest common divisor of 144 and 306194400?
144
What is the highest common divisor of 4585440 and 34112?
1312
What is the greatest common divisor of 657084 and 4284?
204
What is the greatest common factor of 1428 and 2108085?
357
Calculate the highest common factor of 254777336 and 44.
44
What is the highest common divisor of 656 and 75344?
16
Calculate the highest common factor of 8366 and 317374.
178
What is the greatest common factor of 157542 and 162533?
217
What is the greatest common factor of 287802 and 650671?
271
What is the greatest common factor of 246 and 1668552687?
123
Calculate the highest common divisor of 11287532 and 2051.
293
What is the highest common divisor of 40680 and 1497702?
678
What is the greatest common factor of 86 and 863932?
2
Calculate the highest common divisor of 47344 and 809776.
176
Calculate the greatest common factor of 15312 and 4397712.
528
Calculate the highest common factor of 26378 and 13039125.
1199
Calculate the greatest common factor of 609190134 and 30.
6
What is the highest common factor of 9008 and 822?
2
Calculate the greatest common divisor of 2207280 and 2720.
1360
What is the greatest common factor of 92020 and 89268?
172
What is the highest common divisor of 60098 and 389429?
151
What is the greatest common divisor of 27 and 5227632?
27
What is the greatest common divisor of 4926807 and 1863?
207
Calculate the greatest common divisor of 189 and 34096419.
63
Calculate the highest common factor of 103604 and 155524.
236
What is the greatest common divisor of 34896367 and 6116?
1529
What is the greatest common divisor of 18154 and 464?
58
Calculate the highest common factor of 6962 and 107557.
59
What is the highest common factor of 656 and 3948013?
41
Calculate the greatest common factor of 701880 and 120.
120
Calculate the highest common divisor of 3382140 and 10770.
30
Calculate the greatest common factor of 577 and 189231766.
577
What is the greatest common divisor of 554 and 37222152?
554
Calculate the greatest common factor of 384166 and 136.
34
Calculate the highest common factor of 1 and 27446838.
1
What is the highest common divisor of 954201 and 55177?
23
What is the highest common factor of 554 and 785623799?
277
What is the highest common divisor of 285 and 132909978?
57
Calculate the highest common factor of 866535 and 11685.
615
Calculate the greatest common factor of 115 and 2564362.
23
What is the greatest common divisor of 95274 and 9774630?
1206
Calculate the highest common factor of 1760 and 100328.
8
Calculate the greatest common factor of 583362 and 161214.
1662
Calculate the highest common divisor of 3601740 and 35.
5
What is the greatest common factor of 4035 and 4108437?
807
What is the greatest common factor of 1965 and 40072245?
1965
Calculate the highest common divisor of 292424517 and 27.
9
Calculate the greatest common divisor of 25088 and 196.
196
What is the greatest common divisor of 41 and 16824?
1
What is the highest common divisor of 40505474 and 6?
2
What is the greatest common factor of 468 and 17847492?
156
What is the highest common factor of 21 and 4220594?
7
What is the highest common divisor of 858913 and 33561?
1243
What is the highest common factor of 82 and 2229006?
82
Calculate the greatest common factor of 4167 and 12081522.
1389
What is the greatest common divisor of 36 and 971292?
12
Calculate the greatest common divisor of 14 and 30112132.
2
Calculate the greatest common factor of 1072323831 and 3027.
3027
What is the highest common divisor of 22420 and 1040440?
380
Calculate the highest common factor of 6910 and 880.
10
Calculate the highest common divisor of 255434741 and 2822.
1411
What is the greatest common factor of 241371 and 3722706?
117
Calculate the greatest common factor of 466794 and 88398.
18
What is the highest common divisor of 299530 and 45738?
154
Calculate the highest common divisor of 814104270 and 3015.
3015
What is the highest common divisor of 88827748 and 23?
23
What is the greatest common factor of 8145963 and 3612?
903
Calculate the greatest common divisor of 24758880 and 480.
480
What is the greatest common factor of 676024343 and 2361?
787
What is the greatest common factor of 39510 and 10935?
45
Calculate the greatest common factor of 918803 and 1243.
113
What is the highest common divisor of 16968219 and 615?
123
Calculate the highest common divisor of 321775 and 419558.
61
Calculate the highest common factor of 20461066 and 261.
29
Calculate the highest common divisor of 26164 and 861724.
844
What is the greatest common factor of 1510173 and 3087?
63
Calculate the greatest common factor of 17985 and 546434985.
1635
Calculate the greatest common divisor of 7 and 19489673.
7
What is the greatest common factor of 66500 and 64610?
70
What is the highest common factor of 1144 and 3666728?
104
Calculate the greatest common divisor of 4645 and 547373303.
929
What is the greatest common divisor of 56942 and 769214?
142
What is the greatest common divisor of 2076 and 31429256?
692
Calculate the greatest common divisor of 3715 and 79855.
5
What is the greatest common divisor of 4788 and 46355148?
252
Calculate the greatest common factor of 1292 and 32908.
76
What is the highest common factor of 256 and 773106304?
128
What is the greatest common divisor of 66552479 and 28?
7
What is the greatest common factor of 464 and 247274416?
464
Calculate the highest common divisor of 255093624 and 15552.
1944
What is the greatest common factor of 133056 and 685384?
56
What is the highest common divisor of 152424 and 3222804?
876
What is the highest common factor of 210 and 247802430?
30
What is the highest common factor of 372696 and 984?
24
What is the greatest common factor of 4177512 and 272?
136
Calculate the greatest common divisor of 1970 and 20077846.
394
Calculate the greatest common divisor of 410 and 97680901.
41
Calculate the greatest common factor of 33992 and 302893.
607
What is the greatest common factor of 627 and 784149?
57
What is the highest common divisor of 777351 and 156448?
4889
What is the highest common factor of 8040 and 16993545?
1005
Calculate the greatest common factor of 170 and 665788.
34
Calculate the highest common factor of 402150 and 112350.
1050
What is the greatest common factor of 846 and 512100438?
282
Calculate the greatest common factor of 40 and 10429340.
20
What is the highest common divisor of 61347591 and 148?
37
Calculate the greatest common divisor of 5 and 106223445.
5
Calculate the highest common factor of 21045094 and 3038.
434
What is the highest common factor of 8436967 and 147?
49
What is the greatest common divisor of 6474222 and 1356?
678
Calculate the highest common factor of 657 and 57702339.
657
What is the greatest common divisor of 13899600 and 8736?
624
Calculate the highest common factor of 3097787 and 539.
77
Calculate the highest common factor of 25789210 and 230.
230
Calculate the highest common divisor of 10164 and 439908.
84
Calculate the highest common factor of 987792 and 260.
52
What is the highest common divisor of 6584728 and 254374?
1318
Calculate the greatest common factor of 250 and 15487375.
125
Calculate the greatest common factor of 7060 and 135935358.
706
Calculate the highest common divisor o